9
Calculate the highest common factor of 106 and 4458943.
53
Calculate the highest common divisor of 501500 and 132.
4
Calculate the highest common divisor of 369562 and 16.
2
What is the highest common divisor of 2640984 and 544?
136
What is the greatest common divisor of 49400 and 4400?
200
Calculate the greatest common factor of 1184869 and 2303.
49
Calculate the greatest common divisor of 30357285 and 135.
15
What is the greatest common factor of 314 and 728806874?
314
What is the greatest common factor of 8322485 and 68565?
3265
What is the greatest common factor of 75 and 23622870?
15
What is the greatest common factor of 9602391 and 1387?
19
What is the greatest common factor of 10965 and 5887695?
255
What is the greatest common divisor of 12399312 and 132?
12
What is the highest common divisor of 25809 and 14469?
21
What is the highest common factor of 98938573 and 45267?
15089
What is the highest common divisor of 83 and 1573783501?
83
What is the highest common divisor of 72 and 18192087?
9
What is the highest common divisor of 139627222 and 164?
82
Calculate the greatest common divisor of 6930 and 5415200.
70
What is the highest common divisor of 189 and 22461299?
7
What is the highest common factor of 4565756 and 988?
52
What is the greatest common factor of 440 and 1915892?
44
Calculate the greatest common divisor of 123325 and 4775.
25
Calculate the greatest common factor of 5418726 and 27.
3
Calculate the greatest common factor of 1080 and 59299020.
540
Calculate the highest common divisor of 972 and 9107154.
486
What is the highest common divisor of 333625 and 71323687?
2669
Calculate the highest common factor of 1013033544 and 24.
24
What is the highest common factor of 98618278 and 44?
22
What is the greatest common divisor of 804688 and 27728?
16
What is the highest common factor of 64200290 and 5390?
5390
Calculate the greatest common divisor of 4879 and 143500.
287
What is the highest common divisor of 3175142 and 190259?
3119
Calculate the highest common divisor of 11154 and 2522806.
286
Calculate the highest common divisor of 139137061 and 27965.
5593
What is the greatest common factor of 202227019 and 51?
17
What is the greatest common factor of 32403 and 26943?
21
Calculate the highest common factor of 4270890 and 23067.
699
What is the highest common factor of 624 and 2294736?
48
Calculate the highest common divisor of 1370 and 619292.
2
Calculate the highest common divisor of 7154 and 545426.
14
Calculate the highest common factor of 550 and 2696562.
22
What is the greatest common factor of 106070400 and 450?
450
Calculate the greatest common divisor of 252 and 2570708.
28
Calculate the greatest common factor of 240014 and 10250.
82
What is the greatest common factor of 111903681 and 41352?
5169
Calculate the greatest common divisor of 81 and 97821.
27
Calculate the highest common factor of 36 and 25759364.
4
Calculate the highest common divisor of 114 and 48183981.
57
What is the highest common divisor of 77 and 8217944?
7
What is the greatest common factor of 1796230 and 20?
10
What is the greatest common divisor of 90139236 and 2244?
2244
Calculate the highest common divisor of 196554 and 12132016.
1598
Calculate the highest common divisor of 38979089 and 337174.
8873
What is the greatest common factor of 2733077401 and 94?
47
What is the greatest common divisor of 100961490 and 42?
42
Calculate the greatest common divisor of 500736298 and 38.
38
Calculate the greatest common factor of 1508 and 627212.
116
What is the highest common divisor of 7885 and 3940923?
1577
Calculate the greatest common factor of 1070465 and 31515.
55
What is the greatest common factor of 117520 and 184316560?
9040
Calculate the greatest common divisor of 114 and 6367147.
19
What is the highest common factor of 8 and 78587748?
4
What is the greatest common divisor of 770952 and 3176?
8
Calculate the highest common factor of 24 and 2311176.
24
Calculate the highest common factor of 1275 and 9102575.
25
What is the highest common divisor of 174 and 223816113?
87
What is the greatest common factor of 2989 and 746457?
61
What is the highest common factor of 67825737 and 14973?
651
Calculate the highest common divisor of 914389 and 1225.
49
What is the highest common factor of 7608216 and 1114212?
3036
What is the greatest common divisor of 735 and 433258?
49
Calculate the greatest common divisor of 8151 and 171226770.
429
Calculate the highest common factor of 51661 and 1387.
19
Calculate the greatest common divisor of 245 and 4137735.
35
What is the greatest common divisor of 1260 and 2960460?
180
Calculate the greatest common divisor of 285504004 and 516.
172
Calculate the greatest common divisor of 35662 and 134.
2
What is the highest common factor of 2288055 and 1485?
165
What is the highest common factor of 103716704 and 2912?
2912
What is the greatest common factor of 7118066 and 11304?
314
Calculate the highest common factor of 1821348 and 396.
36
Calculate the greatest common divisor of 10075 and 183655.
5
What is the greatest common divisor of 29 and 78072901?
29
Calculate the greatest common factor of 7189 and 31402917.
91
Calculate the greatest common divisor of 7224245 and 210.
35
What is the greatest common divisor of 521 and 18107876?
521
What is the highest common divisor of 369761643 and 423?
423
Calculate the highest common factor of 4829058 and 4041.
9
What is the highest common divisor of 270 and 4365954?
54
What is the highest common factor of 31577 and 383214?
13
What is the greatest common factor of 7869 and 23489610?
129
What is the highest common divisor of 2790 and 3106665?
1395
Calculate the highest common divisor of 157 and 2770089631.
157
Calculate the highest common divisor of 143 and 63369527.
13
What is the greatest common divisor of 325 and 1664?
13
Calculate the greatest common divisor of 7337 and 743589.
319
What is the highest common factor of 1151842 and 4?
2
Calculate the greatest common factor of 155932 and 4536.
28
Calculate the highest common factor of 12724771 and 8953.
1279
What is the highest common factor of 99524 and 1190708?
716
Calculate the highest common divisor of 40026 and 497.
7
What is the highest common divisor of 3620276 and 4972?
44
Calculate the highest common divisor of 114 and 139434996.
114
What is the greatest common factor of 558 and 105718401?
279
Calculate the greatest common divisor of 808665 and 1437.
3
Calculate the highest common factor of 78 and 49779262.
26
What is the greatest common factor of 3887 and 1061933?
23
Calculate the greatest common divisor of 131557528 and 24.
8
What is the highest common factor of 1779 and 2128870?
593
What is the greatest common factor of 51 and 106751347?
17
What is the greatest common divisor of 263263 and 6136?
13
Calculate the greatest common divisor of 825629 and 20461.
553
Calculate the greatest common factor of 701619 and 7317.
813
What is the highest common divisor of 24 and 89030136?
24
What is the greatest common divisor of 35 and 5713274?
7
Calculate the highest common factor of 146 and 177308386.
146
Calculate the greatest common divisor of 1919 and 5429053.
101
What is the highest common factor of 254943090 and 18?
18
Calculate the highest common factor of 3451 and 4877249.
493
Calculate the highest common factor of 3356 and 4429081.
839
What is the greatest common factor of 676 and 1084693714?
338
Calculate the greatest common factor of 8241 and 2329121.
67
What is the highest common factor of 3397073 and 7?
1
Calculate the greatest common factor of 2026 and 371481282.
2026
Calculate the greatest common divisor of 4843524 and 6072.
276
Calculate the greatest common factor of 4301 and 69678937.
391
What is the highest common factor of 68925072 and 4998?
102
What is the greatest common factor of 18 and 617149791?
9
What is the greatest common divisor of 388 and 103647604?
388
Calculate the highest common factor of 504 and 14488082.
14
Calculate the highest common divisor of 1015624 and 8216.
632
What is the highest common factor of 9790330 and 130?
10
Calculate the greatest common divisor of 13464735 and 9.
3
Calculate the greatest common divisor of 6077516 and 33364.
1756
Calculate the highest common factor of 39975 and 3004